- 2?
-4200116
In base 12, what is -5849b + 4?
-58497
In base 5, what is -4300 - 4211?
-14011
In base 4, what is -1121213 - -10222?
-1110331
In base 7, what is 232 - -32526?
33061
In base 2, what is 1 + 11101101100011?
11101101100100
In base 5, what is 344023110 - -10?
344023120
In base 9, what is 70323 - 3?
70320
In base 2, what is 101 + 1100000101001100110?
1100000101001101011
In base 16, what is 19c8a + 4?
19c8e
In base 7, what is 1 + -45242?
-45241
In base 8, what is 3677 + -134?
3543
In base 8, what is 23 + -1402?
-1357
In base 7, what is -1152 - 332?
-1514
In base 6, what is 54243 - -140?
54423
In base 9, what is 0 + -160557?
-160557
In base 9, what is -2 + 1534184?
1534182
In base 13, what is -438ca8 + 0?
-438ca8
In base 12, what is -1b - -181?
162
In base 12, what is 369 - -12a?
497
In base 8, what is -30 - -131640?
131610
In base 3, what is 11121 + -211?
10210
In base 16, what is 4d + d24?
d71
In base 11, what is 257 + 686?
932
In base 13, what is -b - -11b6?
11a8
In base 2, what is 0 + 111001010010011?
111001010010011
In base 7, what is 5 + 421505?
421513
In base 4, what is -2122313 + -20?
-2122333
In base 15, what is 181c6 + 12?
181d8
In base 14, what is 6 - -2b2b?
2b33
In base 3, what is -122 - -100121110?
100120211
In base 11, what is -103 + 819?
716
In base 11, what is 13763 - 3?
13760
In base 8, what is -37 + 31?
-6
In base 14, what is 4b - -2515?
2562
In base 13, what is 5b96b + 9?
5b977
In base 5, what is 2 + 1003204?
1003211
In base 11, what is 344 + -3261?
-2a18
In base 2, what is 10 + -1111110111?
-1111110101
In base 11, what is -172 - -75?
-a8
In base 11, what is 184676 + -5?
184671
In base 2, what is 0 + 10011101111011110100?
10011101111011110100
In base 10, what is -540928 - -4?
-540924
In base 2, what is -1100011000000100 - -1?
-1100011000000011
In base 5, what is 401331 + -3?
401323
In base 13, what is -5792 + -c3?
-5885
In base 10, what is -6349717 - -3?
-6349714
In base 12, what is -8a8 + 17?
-891
In base 10, what is 52 - 258?
-206
In base 13, what is -29a7 - -21?
-2986
In base 13, what is 3 - 5420c?
-54209
In base 11, what is 9 + -86890?
-86882
In base 12, what is 533 + -1a8?
347
In base 16, what is -2 - 3b670?
-3b672
In base 11, what is -144255 + -2?
-144257
In base 14, what is -252 - 6c?
-2c0
In base 9, what is -2140 - -127?
-2012
In base 10, what is -20398 + -6?
-20404
In base 12, what is -140 + a6b?
92b
In base 13, what is 3 + -5537?
-5534
In base 13, what is 34 + -159b?
-1567
In base 7, what is -120216 - -3?
-120213
In base 10, what is -7053 - -20?
-7033
In base 13, what is -1c + 162?
143
In base 7, what is 15320 + 53?
15403
In base 11, what is -108 - 874?
-981
In base 5, what is 1011 + 220?
1231
In base 6, what is -2 - 13500145?
-13500151
In base 14, what is -6 + -13948b?
-139493
In base 3, what is 2 - 102002220200?
-102002220121
In base 3, what is 1 - 1102022000111?
-1102022000110
In base 16, what is -114a - -c5?
-1085
In base 11, what is a182 + 6?
a188
In base 13, what is 4a - -4b2?
52c
In base 4, what is 1112120 - 20?
1112100
In base 10, what is 122 + 2048?
2170
In base 11, what is -1a6 - 1071?
-1267
In base 5, what is -1402141 + -3?
-1402144
In base 9, what is -186351 + 7?
-186343
In base 8, what is -52 - 14710?
-14762
In base 13, what is 4a49 + 199?
4c15
In base 9, what is 3606 + -4?
3602
In base 2, what is 11 + 101100011111010?
101100011111101
In base 8, what is -4 - 75060?
-75064
In base 14, what is 0 + 17c99?
17c99
In base 2, what is 100 - -1111111100110101001?
1111111100110101101
In base 16, what is 1c6 + 520?
6e6
In base 10, what is -2 - 92072?
-92074
In base 10, what is 542565 + 3?
542568
In base 3, what is 102010000 - 102?
102002121
In base 7, what is 216 + -505?
-256
In base 6, what is -3251012 - 3?
-3251015
In base 8, what is -773553 + -1?
-773554
In base 13, what is -42669 + -4?
-42670
In base 9, what is -18 - 43050?
-43068
In base 12, what is 158 - 1139?
-ba1
In base 16, what is -4 + -10db7?
-10dbb
In base 9, what is 32 + 1585?
1627
In base 3, what is -1002101121120 + -10?
-1002101121200
In base 10, what is 743 - -866?
1609
In base 15, what is 49673 + 13?
49686
In base 15, what is -cd2 - 11?
-ce3
In base 5, what is 4 - -42130400?
42130404
In base 15, what is 588b - -5?
5891
In base 3, what is -10210 + -101212000?
-101222210
In base 10, what is -1633977 - 3?
-1633980
In base 8, what is 4301 + -24?
4255
In base 10, what is 2 + -368847?
-368845
In base 8, what is -2332 - 110?
-2442
In base 15, what is -c9 + 1094?
eba
In base 5, what is -10 + -432322?
-432332
In base 6, what is 13021 + 4?
13025
In base 7, what is 2252 - 200?
2052
In base 14, what is -2d + 10b4?
1085
In base 13, what is -6 - 748?
-751
In base 12, what is 5978 + 1a?
5996
In base 2, what is 100001 + -1001001101010?
-1001001001001
In base 5, what is -10 - -3113302?
3113242
In base 4, what is -10 - 232212?
-232222
In base 8, what is 60 + 1765?
2045
In base 9, what is -73 - -162?
78
In base 9, what is 161 + 5668?
5840
In base 15, what is 4 + -836b4?
-836b0
In base 15, what is -13 + 2908?
28e5
In base 6, what is 3 - 3250051?
-3250044
In base 13, what is 9 + -1559?
-1550
In base 15, what is a + 5759?
5764
In base 4, what is 100 - -21231200?
21231300
In base 8, what is 46612 + -16?
46574
In base 2, what is 101 + -11101111110101?
-11101111110000
In base 4, what is -10 + -2330112?
-2330122
In base 14, what is 1824c5 - 8?
1824bb
In base 8, what is -3 + -43361?
-43364
In base 9, what is 6267 + 1460?
7737
In base 9, what is 200 + 33177?
33377
In base 10, what is 19281 + -4?
19277
In base 7, what is -1163005 - 6?
-1163014
In base 7, what is -6250613 + 3?
-6250610
In base 6, what is 2 - 523254?
-523252
In base 16, what is -32ff + 13?
-32ec
In base 2, what is 10100010100110010 + 100011?
10100010101010101
In base 11, what is -3 - 74a6?
-74a9
In base 6, what is 1224501 + 11?
1224512
In base 3, what is -22101100021 + 201?
-22101022120
In base 15, what is 4 - -2aec?
2b01
In base 13, what is 3 + -10666?
-10663
In base 13, what is -748566 - 4?
-74856a
In base 12, what is -1 - 34525?
-34526
In base 13, what is -11 - -16662?
16651
In base 12, what is -222 + 439?
217
In base 7, what is 0 + -353413?
-353413
In base 5, what is -403344221 - -2?
-403344214
In base 10, what is 67259 + 0?
67259
In base 7, what is 2 + 10565244?
10565246
In base 3, what is 200121100 + 20?
200121120
In base 10, what is -3971329 + 1?
-3971328
In base 10, what is -2 + 4149?
4147
In base 16, what is 0 + 1?
1
In base 10, what is 1129 + 173?
1302
In base 11, what is 459 + -151?
308
In base 15, what is -710 + 75?
-68a
In base 12, what is -4884 - -8?
-4878
In base 3, what is 11 + 1222000021?
1222000102
In base 16, what is 7a - 3fc?
-382
In base 12, what is -12205 + 4?
-12201
In base 16, what is 15f5 - 44?
15b1
In base 15, what is e8 + a?
103
In base 8, what is -27036 - -3?
-27033
In base 2, what is -100011111011100 + 1?
-100011111011011
In base 5, what is 414141 - -13?
414204
In base 11, what is -2339 - 2?
-2340
In base 2, what is 10000101100 + -1110?
10000011110
In base 4, what is -10303012 - -31?
-10302321
In base 10, what is 10001 + -37?
9964
In base 3, what is 10 - -200220022?
200220102
In base 9, what is -513 + 1282?
668
In base 3, what is 12101201 + -12?
12101112
In base 10, what is -1331 - -7?
-1324
In base 11, what is -6 + 581a?
5814
In base 5, what is 2232032 + -4?
2232023
In base 7, what is -4 - 6501161?
-6501165
In base 6, what is -335312 + 15?
-335253
In base 7, what is 1 - -113610?
113611
In base 13, what is 5542 + 3?
5545
In base 13, what is -14a - -71?
-a9
In base 5, what is -21043212 - 10?
-21043222
In base 7, what is 26 - 221?
-162
In base 2, what is 11110001101000 - -1001?
11110001110001
In base 2, what is 11100001110000 - -10?
11100001110010
In base 13, what is -213045 - 0?
-213045
In base 2, what is -100 + -101111000100100?
-101111000101000
In base 16, what is -19f - -1e4d?
1cae
In base 7, what is -1334 + 422?
-612
In base 6, what is -50 - -20221?
20131
In base 3, what is -100021021010 - -11?
-100021020222
In base 15, what is -b - -5937?
592b
In base 6, what is -32432 + -513?
-33345
In base 9, what is -2 + 12056?
12054
In base 13, what is 14506 + -1?
14505
In base 7, what is 1514 + 4421?
6235
In base 15, what is 425b + -44?
4217
In base 9, what is 31 - -26478?
26520